hat is the tens digit of 2765?
6
What is the tens digit of 14506?
0
What is the units digit of 9880?
0
What is the tens digit of 6694?
9
What is the units digit of 1052?
2
What is the tens digit of 73656?
5
What is the units digit of 59124?
4
What is the thousands digit of 37539?
7
What is the tens digit of 43117?
1
What is the tens digit of 70?
7
What is the ten thousands digit of 42630?
4
What is the hundreds digit of 990?
9
What is the hundred thousands digit of 116672?
1
What is the units digit of 60643?
3
What is the thousands digit of 1698?
1
What is the hundreds digit of 2125?
1
What is the tens digit of 327?
2
What is the thousands digit of 7606?
7
What is the hundred thousands digit of 116401?
1
What is the units digit of 34751?
1
What is the units digit of 98233?
3
What is the tens digit of 4452?
5
What is the tens digit of 49188?
8
What is the thousands digit of 6687?
6
What is the thousands digit of 6083?
6
What is the tens digit of 26345?
4
What is the tens digit of 87799?
9
What is the units digit of 1773?
3
What is the hundreds digit of 20906?
9
What is the tens digit of 13573?
7
What is the units digit of 7470?
0
What is the tens digit of 67595?
9
What is the thousands digit of 21885?
1
What is the hundreds digit of 1286?
2
What is the thousands digit of 1802?
1
What is the units digit of 6236?
6
What is the hundreds digit of 894?
8
What is the tens digit of 1256?
5
What is the tens digit of 94?
9
What is the hundreds digit of 9575?
5
What is the tens digit of 886?
8
What is the tens digit of 927?
2
What is the ten thousands digit of 11955?
1
What is the thousands digit of 33654?
3
What is the hundreds digit of 489?
4
What is the units digit of 149?
9
What is the hundreds digit of 78407?
4
What is the thousands digit of 89323?
9
What is the hundreds digit of 295?
2
What is the tens digit of 5994?
9
What is the tens digit of 170?
7
What is the units digit of 721?
1
What is the thousands digit of 1146?
1
What is the units digit of 4562?
2
What is the tens digit of 96642?
4
What is the thousands digit of 36884?
6
What is the units digit of 607?
7
What is the tens digit of 68503?
0
What is the units digit of 1093?
3
What is the hundreds digit of 703?
7
What is the units digit of 549?
9
What is the tens digit of 9344?
4
What is the thousands digit of 1754?
1
What is the tens digit of 115391?
9
What is the thousands digit of 1076?
1
What is the ten thousands digit of 60896?
6
What is the thousands digit of 6725?
6
What is the units digit of 37202?
2
What is the tens digit of 43?
4
What is the units digit of 144372?
2
What is the hundreds digit of 819?
8
What is the units digit of 58868?
8
What is the units digit of 930?
0
What is the hundreds digit of 895?
8
What is the units digit of 6916?
6
What is the thousands digit of 1034?
1
What is the hundreds digit of 72688?
6
What is the ten thousands digit of 68260?
6
What is the thousands digit of 22963?
2
What is the hundreds digit of 3353?
3
What is the units digit of 14603?
3
What is the units digit of 559?
9
What is the tens digit of 15620?
2
What is the thousands digit of 18993?
8
What is the tens digit of 10014?
1
What is the units digit of 98756?
6
What is the tens digit of 12484?
8
What is the units digit of 9152?
2
What is the thousands digit of 1874?
1
What is the tens digit of 77423?
2
What is the units digit of 503?
3
What is the units digit of 4436?
6
What is the ten thousands digit of 25409?
2
What is the hundreds digit of 2231?
2
What is the thousands digit of 9849?
9
What is the hundreds digit of 11551?
5
What is the hundreds digit of 28111?
1
What is the hundreds digit of 989?
9
What is the units digit of 37593?
3
What is the hundreds digit of 29378?
3
What is the ten thousands digit of 14992?
1
What is the units digit of 282?
2
What is the tens digit of 434?
3
What is the tens digit of 993?
9
What is the hundreds digit of 2063?
0
What is the units digit of 1305?
5
What is the thousands digit of 10040?
0
What is the tens digit of 6929?
2
What is the thousands digit of 2021?
2
What is the ten thousands digit of 86548?
8
What is the hundreds digit of 19889?
8
What is the units digit of 202208?
8
What is the units digit of 3789?
9
What is the hundreds digit of 407?
4
What is the tens digit of 7266?
6
What is the thousands digit of 25900?
5
What is the hundreds digit of 959?
9
What is the thousands digit of 4370?
4
What is the thousands digit of 5327?
5
What is the thousands digit of 10475?
0
What is the tens digit of 7131?
3
What is the units digit of 5067?
7
What is the ten thousands digit of 28460?
2
What is the hundreds digit of 2626?
6
What is the thousands digit of 54832?
4
What is the thousands digit of 2521?
2
What is the hundreds digit of 6357?
3
What is the units digit of 53443?
3
What is the thousands digit of 41623?
1
What is the hundreds digit of 14784?
7
What is the thousands digit of 12279?
2
What is the hundreds digit of 1357?
3
What is the units digit of 51009?
9
What is the units digit of 3838?
8
What is the tens digit of 12971?
7
What is the tens digit of 64036?
3
What is the units digit of 69966?
6
What is the thousands digit of 5208?
5
What is the tens digit of 2415?
1
What is the hundreds digit of 351?
3
What is the units digit of 891?
1
What is the tens digit of 3034?
3
What is the ten thousands digit of 20630?
2
What is the thousands digit of 45877?
5
What is the units digit of 2398?
8
What is the units digit of 3636?
6
What is the thousands digit of 32663?
2
What is the tens digit of 5595?
9
What is the tens digit of 64620?
2
What is the tens digit of 250?
5
What is the hundreds digit of 6074?
0
What is the hundreds digit of 2420?
4
What is the tens digit of 2610?
1
What is the tens digit of 904?
0
What is the hundreds digit of 9699?
6
What is the thousands digit of 2916?
2
What is the hundreds digit of 9866?
8
What is the hundreds digit of 93929?
9
What is the ten thousands digit of 34255?
3
What is the thousands digit of 1398?
1
What is the hundreds digit of 2429?
4
What is the hundreds digit of 10787?
7
What is the hundreds digit of 815?
8
What is the units digit of 884?
4
What is the units digit of 244?
4
What is the hundreds digit of 7409?
4
What is the units digit of 8067?
7
What is the tens digit of 19490?
9
What is the hundreds digit of 5836?
8
What is the thousands digit of 3968?
3
What is the thousands digit of 43405?
3
What is the units digit of 1187?
7
What is the units digit of 67752?
2
What is the tens digit of 41970?
7
What is the units digit of 1532?
2
What is the tens digit of 32079?
7
What is the ten thousands digit of 16573?
1
What is the thousands digit of 8067?
8
What is the thousands digit of 16154?
6
What is the tens digit of 1835?
3
What is the units digit of 10663?
3
What is the tens digit of 27790?
9
What is the units digit of 909?
9
What is the units digit of 11437?
7
What is the units digit of 2054?
4
What is the hundreds digit of 14430?
4
What is the units digit of 7901?
1
What is the hundreds digit of 2071?
0
What is the hundreds digit of 656?
6
What is the tens digit of 7959?
5
What is the tens digit of 509?
0
What is the ten thousands digit of 41047?
4
What is the hundreds digit of 5189?
1
What is the tens digit of 57131?
3
What is the thousands digit of 3485?
3
What is the hundreds digit of 59051?
0
What is the hundreds digit of 21038?
0
What is the tens digit of 8302?
0
What is the units digit of 1858?
8
What is the tens digit of 18697?
9
What is the units digit of 14056?
6
What is the units digit of 1845?
5
What is the thousands digit of 2551?
2
What is the hundreds digit of 28263?
2
What is the ten thousands digit of 11629?
1
What is the units digit of 3596?
6
What is the hundreds digit of 5249?
2
What is the tens digit of 82?
8
What is the tens digit of 833?
3
What is the units digit of 40957?
7
What is the tens digit of 138?
3
What is the tens digit of 7393?
9
What is the thousands digit of 2934?
2
What is the units digit of 35828?
8
What is the tens digit of 18439?
3
What is the hundreds digit of 1510?
5
What is the hundreds digit of 974?
9
What is the hundreds digit of 1199?
1
What is the hundreds digit of 687?
6
What is the ten thousands digit of 40212?
4
What is the thousands digit of 3271?
3
What is the 